at is -11111010011000 + 1?
-11111010010111
In base 9, what is -200 + 60?
-130
In base 16, what is 17d + -2?
17b
In base 9, what is 45 + -3?
42
In base 16, what is -5 + -1d?
-22
In base 4, what is -10 - -12020?
12010
In base 9, what is -1505 - 15?
-1521
In base 4, what is -122301 - -1?
-122300
In base 8, what is -1255 + 3?
-1252
In base 10, what is -1273 - 5?
-1278
In base 9, what is 242 + 2?
244
In base 3, what is 100 - 12112?
-12012
In base 3, what is -1011111 + -1?
-1011112
In base 9, what is -14642 - -1?
-14641
In base 9, what is 5 + 112?
117
In base 5, what is 0 + -1004?
-1004
In base 8, what is 6 - 221?
-213
In base 2, what is -10 - -101010100101?
101010100011
In base 10, what is 1 - -35?
36
In base 5, what is -10 - -221?
211
In base 2, what is -11 + 100000101010?
100000100111
In base 6, what is -1550 + -35?
-2025
In base 9, what is -3 + 73?
70
In base 6, what is -1 - -4055?
4054
In base 13, what is 0 - -4?
4
In base 14, what is -17c + 4?
-178
In base 5, what is -2023 + -13?
-2041
In base 6, what is -4 - -32025?
32021
In base 5, what is 21 + 32?
103
In base 13, what is 17cc - 2?
17ca
In base 3, what is -12 - -210?
121
In base 6, what is 5 - -222?
231
In base 16, what is -2 - 19?
-1b
In base 3, what is -121 + -102?
-1000
In base 10, what is -5 - 141?
-146
In base 10, what is -62 - 2?
-64
In base 16, what is 36 + 15?
4b
In base 15, what is 1 + -115?
-114
In base 4, what is 3 - 121310?
-121301
In base 13, what is 135 + -1?
134
In base 6, what is -210 - 5?
-215
In base 3, what is 1001 - -11100?
12101
In base 16, what is 0 - -ab?
ab
In base 5, what is -13 + 240?
222
In base 11, what is 500 - -5?
505
In base 8, what is 25 - 20?
5
In base 11, what is 4 - 24?
-20
In base 7, what is -12 + 1464?
1452
In base 13, what is 8 + -7c9?
-7c1
In base 15, what is 1 - 53?
-52
In base 15, what is 10c - 6?
106
In base 11, what is -869 - 4?
-872
In base 14, what is -2 - -185?
183
In base 8, what is 3 - 36?
-33
In base 11, what is -179 + 2?
-177
In base 15, what is 1 + -61?
-60
In base 10, what is 338 - 5?
333
In base 12, what is 8 - -15a?
166
In base 5, what is 2 + 2331?
2333
In base 7, what is -252 - 1?
-253
In base 11, what is -4a - 143?
-192
In base 10, what is 22 + 4?
26
In base 7, what is 0 - 215?
-215
In base 15, what is 0 - e?
-e
In base 16, what is -220 - -22?
-1fe
In base 8, what is 31 + 24?
55
In base 8, what is -51 - -15?
-34
In base 9, what is -1 - 123?
-124
In base 9, what is -4 + -21?
-25
In base 6, what is 15501 - -5?
15510
In base 4, what is 0 + -21212?
-21212
In base 12, what is -3 + -301?
-304
In base 7, what is -25 + 46?
21
In base 13, what is 7319 - 5?
7314
In base 14, what is -70 - 0?
-70
In base 3, what is 12 + 12120?
12202
In base 11, what is -5 + -115?
-11a
In base 14, what is -22 + 7?
-19
In base 11, what is aa - -3?
102
In base 13, what is -17 + -18?
-32
In base 4, what is 102 + -1120?
-1012
In base 13, what is 214 + 5?
219
In base 3, what is 210001 - -10?
210011
In base 10, what is -12 - 206?
-218
In base 5, what is -4 - -340?
331
In base 9, what is 2 + 1713?
1715
In base 3, what is -2 - 10012?
-10021
In base 5, what is -1 + 11442?
11441
In base 4, what is 12002 + 10?
12012
In base 9, what is -11 + -15?
-26
In base 7, what is 0 - 213?
-213
In base 2, what is -11000101001 - 10?
-11000101011
In base 10, what is 1 - -314?
315
In base 15, what is -e + 1?
-d
In base 8, what is 2 + -66?
-64
In base 8, what is 0 - 2304?
-2304
In base 13, what is -6 + -13?
-19
In base 2, what is -1000101 + -10011?
-1011000
In base 7, what is 354 + 0?
354
In base 4, what is 1120 + 21?
1201
In base 12, what is -a + 1?
-9
In base 8, what is -3625 - -1?
-3624
In base 4, what is 102021 + 12?
102033
In base 14, what is -7 - -8?
1
In base 12, what is -4149 + 1?
-4148
In base 8, what is -430 - -17?
-411
In base 3, what is 20100 - 2?
20021
In base 9, what is -2 + 111?
108
In base 14, what is 1 + 519?
51a
In base 8, what is 107 + -34?
53
In base 2, what is -11000101 + -11?
-11001000
In base 14, what is -34 - -2?
-32
In base 11, what is -4 - -11a5?
11a1
In base 2, what is -101000101011 - 0?
-101000101011
In base 15, what is 0 - 36?
-36
In base 3, what is 11012 - 21?
10221
In base 2, what is -1000000 - -1000101?
101
In base 7, what is 345 + -3?
342
In base 4, what is -20332 - 12?
-21010
In base 10, what is -599 - -18?
-581
In base 9, what is 4 + 6?
11
In base 15, what is -3d + 2e?
-e
In base 12, what is -3 + -27?
-2a
In base 12, what is -1 - 339?
-33a
In base 13, what is 103a + -4?
1036
In base 14, what is -3 - 1b?
-20
In base 8, what is 3 + 1051?
1054
In base 3, what is 101221 - -2000?
110221
In base 11, what is 1 + -1472?
-1471
In base 7, what is 424 - -3?
430
In base 4, what is 10 + -30303?
-30233
In base 13, what is -6 - -a?
4
In base 3, what is 1100 + 1?
1101
In base 5, what is 1310041 - -3?
1310044
In base 5, what is 4 - -32?
41
In base 9, what is -4 - 158?
-163
In base 8, what is 3 + 1?
4
In base 7, what is 2 - 1466?
-1464
In base 13, what is -17c9 + -1?
-17ca
In base 16, what is -234 - 2?
-236
In base 7, what is 31 + 43?
104
In base 12, what is 5 - a4?
-9b
In base 14, what is 609 - -a?
615
In base 14, what is -6c3 - -5?
-6bc
In base 10, what is 2606 + -16?
2590
In base 10, what is -191 + 1?
-190
In base 11, what is 8 + -353?
-346
In base 10, what is 2 + -110?
-108
In base 14, what is d + -3b?
-2c
In base 7, what is -1454 - 5?
-1462
In base 16, what is -7 + 4e?
47
In base 16, what is f + -20?
-11
In base 11, what is 1259 + -4?
1255
In base 2, what is 11110110 - -10?
11111000
In base 12, what is 35 - 18?
19
In base 16, what is 9 - -97?
a0
In base 2, what is -10000000 - -1101000?
-11000
In base 3, what is 102200 - -1020?
110220
In base 4, what is 12 + -332?
-320
In base 5, what is -24110 - 4?
-24114
In base 10, what is 86 + 25?
111
In base 4, what is -100 - 3?
-103
In base 5, what is -3 - 12243?
-12301
In base 10, what is -3 - -8?
5
In base 13, what is -9b - 27?
-c5
In base 6, what is 12 + -2442?
-2430
In base 16, what is -4 - 23?
-27
In base 8, what is 31 - -20?
51
In base 2, what is 100111000111 + -100?
100111000011
In base 2, what is 1111101010 + 100?
1111101110
In base 6, what is 4 + -3443?
-3435
In base 13, what is -25 - -17?
-b
In base 2, what is 1111000 - 100?
1110100
In base 13, what is -142 - 1?
-143
In base 11, what is -113 - 8?
-120
In base 10, what is 2 - -32?
34
In base 5, what is -21 - 13220?
-13241
In base 3, what is -10 - 1222?
-2002
In base 10, what is -5 - 29?
-34
In base 12, what is -3 + -b4?
-b7
In base 13, what is 69 + 1c6?
262
In base 9, what is -3813 - 5?
-3818
In base 3, what is -1 - 201?
-202
In base 9, what is 555 + -1?
554
In base 8, what is 2 - 4701?
-4677
In base 7, what is -4 - 6?
-13
In base 7, what is -135 + -346?
-514
In base 3, what is -20 + 1111?
1021
In base 5, what is -33 - 12002?
-12040
In base 5, what is 10244 + 2?
10301
In base 13, what is -19 - -3?
-16
In base 16, what is -32 + b7?
85
In base 2, what is 101101111 - -10?
101110001
In base 9, what is -1003 + 3?
-1000
In base 12, what is -4b + -10?
-5b
In base 4, what is -10 - 1212113?
-1212123
In base 8, what is 104 + -5?
77
In base 10, what is 210 + 3?
213
In base 2, what is 1010 + 10100001?
10101011
In base 16, what is 4 + -82?
-7e
In base 7, what is 5 + 30?
35
In base 10, what is -345 + 5?
-340
In base 6, what is 2 - -22512?
22514
In base 3, what is -1 + -22010?
-22011
In base 12, what is 5 - -6?
b
In base 12, what is 3003 - 3?
3000
In base 13, what is 4 - -67?
6b
In base 10, what is -3 + 22?
19
In base 3, what is 1102221 - -112?
1110110
In base 2, what is -1111100 - 101?
-10000001
In base 6, what is 3304 - -4?
3312
In base 9, what is -47 + 0?
-47
In base 15, what is -3aa + 11?
-399
In base 10, what is -14 - 2?
-16
In base 3, what is 12 - -211102?
211121
In base 3, what is -102100 + -200?
-110000
In base 2, what is -11101 - -11010?
-11
In base 2, what is 10111000100 + -1010?
10110111010
In base 13, what is -31 - -52?
21
In base 10, what is -5 + -299?
-304
In base 6, what is -2 + 52?
50
In base 14, what is 3 + 45?
48
In base 2, what is -10000111001 - -1111?
-10000101010
In base 2, what is 1011 - 101?
110
In base 11, what is 56 - -4?
5a
In base 4, what is 113 - 2331?
-2212
In base 13, what is -9 - -5?
-4
In base 11, what is -7a - 1?
-80
In base 5, what is 21 + -10?
11
In 